{"id":1431,"date":"2024-11-09T20:52:58","date_gmt":"2024-11-09T19:52:58","guid":{"rendered":"https:\/\/www.club-subaquatique-annecy.fr\/csa\/?page_id=1431"},"modified":"2025-03-07T14:47:27","modified_gmt":"2025-03-07T13:47:27","slug":"nage-avec-palmes","status":"publish","type":"page","link":"https:\/\/www.club-subaquatique-annecy.fr\/csa\/nage-avec-palmes","title":{"rendered":"Section Nage avec palmes"},"content":{"rendered":"\t\t<div data-elementor-type=\"wp-page\" data-elementor-id=\"1431\" class=\"elementor elementor-1431\" data-elementor-post-type=\"page\">\n\t\t\t\t\t\t<section class=\"elementor-section elementor-top-section elementor-element elementor-element-5b720ce elementor-section-boxed elementor-section-height-default elementor-section-height-default\" data-id=\"5b720ce\" data-element_type=\"section\" data-e-type=\"section\">\n\t\t\t\t\t\t<div class=\"elementor-container elementor-column-gap-default\">\n\t\t\t\t\t<div class=\"elementor-column elementor-col-100 elementor-top-column elementor-element elementor-element-3133fa9\" data-id=\"3133fa9\" data-element_type=\"column\" data-e-type=\"column\">\n\t\t\t<div class=\"elementor-widget-wrap elementor-element-populated\">\n\t\t\t\t\t\t<div class=\"elementor-element elementor-element-3dfffc8 elementor-invisible elementor-widget elementor-widget-section-title\" data-id=\"3dfffc8\" data-element_type=\"widget\" data-e-type=\"widget\" data-settings=\"{&quot;_animation&quot;:&quot;fadeInDown&quot;}\" data-widget_type=\"section-title.default\">\n\t\t\t\t<div class=\"elementor-widget-container\">\n\t\t\t\t\t\r\n\t\t\r\n\t\t\t<div class=\"section-title style1 center\">\r\n\t\t\t\t\t\t\t\t\r\n\t\t\t\t \r\n\t\t\t\t\t<h3 class=\"title\">Nage avec palmes<\/h3>\r\n\t\t\t\t\t\t\t\t\r\n\t\t\t\t \r\n\t\t\t\t\t<p class=\"description\">Quels que soient le temps, la saison et la temp\u00e9rature de l\u2019eau les nageurs avec palmes nagent au lac. Ils disposent des infrastructures du club pour se pr\u00e9parer. <br>\n\nLeurs seules obligations : \u00eatre au moins deux et porter une combinaison ou un shorty (un \u00e9l\u00e9ment qui assure leur flottabilit\u00e9) et s'\u00e9quiper d'une bou\u00e9e de nage en eau libre.<br>\n\nLeurs horaires : ils les fixent entre eux selon leur disponibilit\u00e9, mais ils se retrouvent au moins deux fois par semaine, le midi en hiver, le midi ou le soir \u00e0 la belle saison.<br>\n\nLeur terrain de jeu : ils suivent la rive du lac, la plage des Marquisats, le virage de La Puya, S\u00e9vrier, \u2026jusque l\u00e0 o\u00f9 les portent leurs palmes. <brr>\n\nIls n\u2019attendent que d\u2019autres courageux pour se joindre \u00e0 eux.<br>\n\nIls disposent aussi des cr\u00e9neaux horaires de la piscine des fins.<br>\nA vos palmes !\n<\/p>\r\n\t\t\t\t\t\t\t<\/div>\r\n\r\n\t\t\r\n\t\t\t\t\t\t<\/div>\n\t\t\t\t<\/div>\n\t\t\t\t\t<\/div>\n\t\t<\/div>\n\t\t\t\t\t<\/div>\n\t\t<\/section>\n\t\t\t\t<\/div>\n\t\t","protected":false},"excerpt":{"rendered":"<p>Nage avec palmes Quels que soient le temps, la saison et la temp\u00e9rature de l\u2019eau les nageurs avec palmes nagent au lac. Ils disposent des infrastructures du club pour se pr\u00e9parer. Leurs seules obligations : \u00eatre au moins deux et porter une combinaison ou un shorty (un \u00e9l\u00e9ment qui assure leur flottabilit\u00e9) et s&#8217;\u00e9quiper d&#8217;une [&hellip;]<\/p>\n","protected":false},"author":2,"featured_media":0,"parent":0,"menu_order":0,"comment_status":"closed","ping_status":"closed","template":"page-templates\/template-default.php","meta":{"footnotes":""},"class_list":["post-1431","page","type-page","status-publish","hentry"],"_links":{"self":[{"href":"https:\/\/www.club-subaquatique-annecy.fr\/csa\/wp-json\/wp\/v2\/pages\/1431","targetHints":{"allow":["GET"]}}],"collection":[{"href":"https:\/\/www.club-subaquatique-annecy.fr\/csa\/wp-json\/wp\/v2\/pages"}],"about":[{"href":"https:\/\/www.club-subaquatique-annecy.fr\/csa\/wp-json\/wp\/v2\/types\/page"}],"author":[{"embeddable":true,"href":"https:\/\/www.club-subaquatique-annecy.fr\/csa\/wp-json\/wp\/v2\/users\/2"}],"replies":[{"embeddable":true,"href":"https:\/\/www.club-subaquatique-annecy.fr\/csa\/wp-json\/wp\/v2\/comments?post=1431"}],"version-history":[{"count":14,"href":"https:\/\/www.club-subaquatique-annecy.fr\/csa\/wp-json\/wp\/v2\/pages\/1431\/revisions"}],"predecessor-version":[{"id":3337,"href":"https:\/\/www.club-subaquatique-annecy.fr\/csa\/wp-json\/wp\/v2\/pages\/1431\/revisions\/3337"}],"wp:attachment":[{"href":"https:\/\/www.club-subaquatique-annecy.fr\/csa\/wp-json\/wp\/v2\/media?parent=1431"}],"curies":[{"name":"wp","href":"https:\/\/api.w.org\/{rel}","templated":true}]}}