{"id":1912,"date":"2024-11-19T21:56:40","date_gmt":"2024-11-19T20:56:40","guid":{"rendered":"https:\/\/www.club-subaquatique-annecy.fr\/csa\/?page_id=1912"},"modified":"2024-12-09T18:35:28","modified_gmt":"2024-12-09T17:35:28","slug":"formations-de-cadres","status":"publish","type":"page","link":"https:\/\/www.club-subaquatique-annecy.fr\/csa\/formations-de-cadres","title":{"rendered":"Formations de Cadres"},"content":{"rendered":"\t\t<div data-elementor-type=\"wp-page\" data-elementor-id=\"1912\" class=\"elementor elementor-1912\" data-elementor-post-type=\"page\">\n\t\t\t\t\t\t<section class=\"elementor-section elementor-top-section elementor-element elementor-element-209a1c2 elementor-section-boxed elementor-section-height-default elementor-section-height-default\" data-id=\"209a1c2\" data-element_type=\"section\" data-e-type=\"section\">\n\t\t\t\t\t\t<div class=\"elementor-container elementor-column-gap-default\">\n\t\t\t\t\t<div class=\"elementor-column elementor-col-100 elementor-top-column elementor-element elementor-element-bcdccb0\" data-id=\"bcdccb0\" data-element_type=\"column\" data-e-type=\"column\">\n\t\t\t<div class=\"elementor-widget-wrap elementor-element-populated\">\n\t\t\t\t\t\t<div class=\"elementor-element elementor-element-2ca9472 animated-slow elementor-invisible elementor-widget elementor-widget-section-title\" data-id=\"2ca9472\" data-element_type=\"widget\" data-e-type=\"widget\" data-settings=\"{&quot;_animation&quot;:&quot;fadeInRight&quot;}\" data-widget_type=\"section-title.default\">\n\t\t\t\t<div class=\"elementor-widget-container\">\n\t\t\t\t\t\r\n\t\t\r\n\t\t\t<div class=\"section-title style1 center\">\r\n\t\t\t\t\t\t\t\t\r\n\t\t\t\t \r\n\t\t\t\t\t<h3 class=\"title\">Formations de Cadres<\/h3>\r\n\t\t\t\t\t\t\t\t\r\n\t\t\t\t\t\t\t<\/div>\r\n\r\n\t\t\r\n\t\t\t\t\t\t<\/div>\n\t\t\t\t<\/div>\n\t\t\t\t<div class=\"elementor-element elementor-element-2a44c23 elementor-widget elementor-widget-text-editor\" data-id=\"2a44c23\" data-element_type=\"widget\" data-e-type=\"widget\" data-widget_type=\"text-editor.default\">\n\t\t\t\t<div class=\"elementor-widget-container\">\n\t\t\t\t\t\t\t\t\t<div><h6><span style=\"color: #1962a1;\">Le CSA compte parmi ses adh\u00e9rents plusieurs Moniteurs F\u00e9d\u00e9raux, qualifi\u00e9s pour former des cadres de plong\u00e9e : Guides de Palanqu\u00e9e, Initiateurs, Moniteurs F\u00e9d\u00e9raux.<\/span><\/h6><h4><span style=\"color: #1962a1;\">Les Guides de Palanqu\u00e9e (NIVEAU 4-GP)<\/span><\/h4><p>encadrent les plongeurs N1 et N2 lors de plong\u00e9es d\u2019exploration dans les profondeurs auxquelles ils ont acc\u00e8s.<\/p><h4><span style=\"color: #1962a1;\">Les Initiateurs<\/span><\/h4><p>r\u00e9alisent toutes les actions de formation notamment de Jeunes, de Niveau 1, de Niveau 2, dans une profondeur de 0 \u00e0 6 m, ou 0 \u00e0 20 m en fonction de leurs pr\u00e9rogatives. Mais surtout, les Initiateurs font partie des enseignants qui emm\u00e8nent les d\u00e9butants lors d&#8217;un bapt\u00eame que ce soit lors de la Journ\u00e9e \u00ab Porte ouverte \u00bb, lors des animations et activit\u00e9s sous-marines propos\u00e9es en association avec la Ville d\u2019Annecy aupr\u00e8s des jeunes, ou encore, \u00e0 la demande.<\/p><h4><span style=\"color: #1962a1;\">Les Moniteurs F\u00e9d\u00e9raux<\/span><\/h4><p>peuvent r\u00e9aliser les actions de formation au-del\u00e0 de 20 m, et sont les garants de la bonne organisation des cursus.<\/p><h5><span style=\"color: #1962a1;\">Le d\u00e9roulement des stages\u00a0:<\/span><\/h5><p>Les stagiaires GP s\u2019inscrivent \u00e0 la formation organis\u00e9e par le Club ou le D\u00e9partement. Les Initiateurs-Stagiaires, et Moniteurs-Stagiaires participent \u00e0 un Stage de Formation Initiale D\u00e9partemental.<\/p><p>Ensuite, les stagiaires poursuivent leur cursus avec les moniteurs du CSA, en liaison avec la Commission Technique du CODEP74 (Comit\u00e9 D\u00e9partemental de Haute-Savoie), et sont accompagn\u00e9s jusqu\u2019\u00e0 l\u2019examen final d\u00e9partemental, tant sur le plan pratique, que pour am\u00e9liorer leur expertise de la Plong\u00e9e sous-marine, et d\u00e9velopper, conforter, leur p\u00e9dagogie.<\/p><p>La fr\u00e9quence des formations de cadre n\u2019est pas pr\u00e9d\u00e9finie : en fonction, d\u2019une part, du nombre de postulants, et d\u2019autre part, de la disponibilit\u00e9 des moniteurs qualifi\u00e9s, un programme est mis en place chaque ann\u00e9e.<\/p><p>Du fait de l\u2019engagement personnel demand\u00e9, induit par ces formations tant pour les stagiaires que pour les Moniteurs F\u00e9d\u00e9raux qui les accompagnent, ces formations de cadre sont r\u00e9serv\u00e9es \u00e0 des adh\u00e9rents r\u00e9guliers du club.<\/p><\/div>\t\t\t\t\t\t\t\t<\/div>\n\t\t\t\t<\/div>\n\t\t\t\t\t<\/div>\n\t\t<\/div>\n\t\t\t\t\t<\/div>\n\t\t<\/section>\n\t\t\t\t<\/div>\n\t\t","protected":false},"excerpt":{"rendered":"<p>Formations de Cadres Le CSA compte parmi ses adh\u00e9rents plusieurs Moniteurs F\u00e9d\u00e9raux, qualifi\u00e9s pour former des cadres de plong\u00e9e : Guides de Palanqu\u00e9e, Initiateurs, Moniteurs F\u00e9d\u00e9raux. Les Guides de Palanqu\u00e9e (NIVEAU 4-GP) encadrent les plongeurs N1 et N2 lors de plong\u00e9es d\u2019exploration dans les profondeurs auxquelles ils ont acc\u00e8s. Les Initiateurs r\u00e9alisent toutes les actions [&hellip;]<\/p>\n","protected":false},"author":2,"featured_media":0,"parent":0,"menu_order":0,"comment_status":"closed","ping_status":"closed","template":"page-templates\/template-default.php","meta":{"footnotes":""},"class_list":["post-1912","page","type-page","status-publish","hentry"],"_links":{"self":[{"href":"https:\/\/www.club-subaquatique-annecy.fr\/csa\/wp-json\/wp\/v2\/pages\/1912","targetHints":{"allow":["GET"]}}],"collection":[{"href":"https:\/\/www.club-subaquatique-annecy.fr\/csa\/wp-json\/wp\/v2\/pages"}],"about":[{"href":"https:\/\/www.club-subaquatique-annecy.fr\/csa\/wp-json\/wp\/v2\/types\/page"}],"author":[{"embeddable":true,"href":"https:\/\/www.club-subaquatique-annecy.fr\/csa\/wp-json\/wp\/v2\/users\/2"}],"replies":[{"embeddable":true,"href":"https:\/\/www.club-subaquatique-annecy.fr\/csa\/wp-json\/wp\/v2\/comments?post=1912"}],"version-history":[{"count":22,"href":"https:\/\/www.club-subaquatique-annecy.fr\/csa\/wp-json\/wp\/v2\/pages\/1912\/revisions"}],"predecessor-version":[{"id":2654,"href":"https:\/\/www.club-subaquatique-annecy.fr\/csa\/wp-json\/wp\/v2\/pages\/1912\/revisions\/2654"}],"wp:attachment":[{"href":"https:\/\/www.club-subaquatique-annecy.fr\/csa\/wp-json\/wp\/v2\/media?parent=1912"}],"curies":[{"name":"wp","href":"https:\/\/api.w.org\/{rel}","templated":true}]}}